2212030233
Convert -453972a (base 11) to base 14.
-10ac864
Convert -a6619 (base 11) to base 4.
-211320012
Convert 124362 (base 11) to base 2.
101111110111111000
What is 14204105 (base 6) in base 11?
2aa997
Convert 220110001202210 (base 3) to base 2.
110001100011111001000110
Convert 111010100111010 (base 2) to base 16.
753a
Convert -111303323 (base 4) to base 6.
-1525335
-14a659 (base 14) to base 12
-2a8933
What is -2bb677 (base 15) in base 9?
-3872134
What is -229a43 (base 12) in base 11?
-34a958
What is 340620 (base 9) in base 2?
110001110001110111
What is 122001033 (base 4) in base 14?
2aba7
-10010000110111010100100 (base 2) to base 8
-22067244
655433 (base 7) to base 6
2243222
What is 21250543 (base 6) in base 13?
190269
What is 1532225 (base 6) in base 15?
1b9b5
Convert 311232 (base 5) to base 3.
111222111
-543446 (base 8) to base 4
-230130212
Convert 132520420 (base 6) to base 4.
22020002130
What is -7172b6 (base 13) in base 11?
-15460a2
Convert 1663747 (base 9) to base 12.
388b8a
-49ca3 (base 16) to base 14
-7c20b
215083 (base 10) to base 12
a4577
Convert 92763 (base 13) to base 12.
108043
What is -20001110221 (base 3) in base 4?
-131012020
Convert -1100100000011 (base 2) to base 5.
-201103
What is 6463c2 (base 15) in base 6?
250240545
-1331201404 (base 5) to base 9
-6323458
What is 1013222301 (base 4) in base 8?
1075261
What is -11221101210 (base 3) in base 11?
-67078
11222120011 (base 3) to base 14
27a6b
What is 3cc5a80 (base 13) in base 5?
14414311304
What is 641555 (base 8) in base 12?
a3925
Convert 10010000101010001010 (base 2) to base 6.
20411054
What is -65da4 (base 14) in base 9?
-415622
-2c14db (base 16) to base 12
-b739b7
What is -103200313310 (base 4) in base 5?
-2302143010
What is 14fa (base 16) in base 5?
132440
Convert -18316336 (base 9) to base 4.
-203023223013
a75643 (base 11) to base 16
1a4069
Convert -11002220 (base 5) to base 13.
-33a75
-bb4b (base 14) to base 13
-1199b
What is 1434001 (base 6) in base 11?
56aa2
Convert -21012202101020 (base 3) to base 10.
-3833358
What is -1031403330 (base 5) in base 12?
-8aa562
-21200112012111 (base 3) to base 12
-144ba27
-101011001100111011 (base 2) to base 11
-110a49
What is be17e (base 16) in base 12?
316712
What is -155224231 (base 6) in base 15?
-45c26a
-2030032 (base 4) to base 6
-105314
Convert -11110010220000 (base 3) to base 14.
-457b3d
Convert 10959 (base 16) to base 14.
1aa81
Convert 9edf (base 16) to base 6.
512143
What is 4635 (base 9) in base 16?
d6a
605a6 (base 11) to base 10
88567
What is -678837 (base 10) in base 16?
-a5bb5
What is 76674 (base 10) in base 16?
12b82
2e505 (base 15) to base 2
100100100001111110
-121001000200020 (base 3) to base 6
-502403223
What is 105790 (base 11) in base 12?
81724
-50431244 (base 6) to base 9
-2626381
Convert 1406885 (base 11) to base 4.
21033333230
What is 11005011 (base 6) in base 11?
204210
What is -a6ca6 (base 16) in base 7?
-5543522
Convert -202023331 (base 4) to base 9.
-233067
Convert -11010110110100101 (base 2) to base 14.
-2c125
What is 437779 (base 10) in base 4?
1222320103
What is 102020440 (base 5) in base 16?
6754d
-2434160 (base 7) to base 10
-311192
Convert 120120121 (base 4) to base 2.
11000011000011001
What is -4022003034 (base 5) in base 12?
-2819a36
Convert 14ac02 (base 15) to base 14.
1bdb71
What is 281879 (base 10) in base 11?
182864
Convert 19a4cc (base 13) to base 8.
2367624
What is 3a574 (base 12) in base 7?
453046
What is -2110102012 (base 3) in base 16?
-bd20
Convert -42650c (base 16) to base 4.
-100212110030
What is -110100111001000 (base 2) in base 15?
-8055
-21220122010 (base 3) to base 10
-155739
358758 (base 10) to base 8
1274546
What is 1545ac (base 15) in base 3?
1221012011200
What is -143355535 (base 6) in base 3?
-12120220122112
-24e8e8 (base 15) to base 5
-423124033
What is -6935309 (base 10) in base 3?
-111001100110022
Convert -4cce22 (base 16) to base 10.
-5033506
What is 22220101210 (base 3) in base 11?
10a73a
Convert -514b3 (base 12) to base 8.
-317207
Convert -14123143 (base 5) to base 16.
-2380f
What is dd87 (base 14) in base 11?
26894
Convert -455251 (base 7) to base 4.
-103302322
What is 211134154 (base 7) in base 6?
1123501024
What is -100112303 (base 6) in base 13?
-471b5b
-203b3b (base 14) to base 2
-100001001001010001001
-220031551 (base 6) to base 15
-527764
Convert 34222144 (base 8) to base 3.
111221201022100
Convert 13213110002 (base 4) to base 16.
1e7502
-9a780 (base 16) to base 9
-1163814
Convert 21033300310 (base 4) to base 8.
11176064
Convert 3184501 (base 9) to base 15.
23b657
6723a (base 11) to base 9
157605
-884aa (base 12) to base 6
-3511134
1113120311 (base 4) to base 5
42423231
Convert 11076a (base 16) to base 5.
241203020
Convert 13625a9 (base 11) to base 5.
1100032241
What is 31b1c8 (base 13) in base 14?
2253ac
What is -11a121b (base 14) in base 8?
-40201031
-101011011010101001011 (base 2) to base 9
-2607471
What is -10020620 (base 7) in base 4?
-3022103231
-4337020 (base 8) to base 7
-12611665
b3226 (base 15) to base 11
3583a7
What is 39265 (base 13) in base 8?
316625
2203a70 (base 12) to base 5
3124220330
-3140485 (base 9) to base 5
-412230032
What is 2769688 (base 11) in base 16?
48cd36
-27352463 (base 8) to base 5
-3033240202
What is 6441 (base 14) in base 10?
17305
1002122122100 (base 3) to base 2
10001110011111110100
8b020 (base 12) to base 6
3544040
What is -5588847 (base 12) in base 5?
-13141324444
Convert 34241200 (base 6) to base 12.
426200
Convert 61955 (base 13) to base 11.
10a661
What is 55443121 (base 6) in base 9?
3124654
118b019 (base 12) to base 9
6381883
What is -553195 (base 12) in base 4?
-11022121001
What is -20201203300 (base 4) in base 9?
-4175267
-1021211211211 (base 3) to base 14
-13bd52
16101315 (base 7) to base 15
208466
What is 1466782 (base 11) in base 3?
11201122112211
Convert -1010010000111001 (base 2) to base 11.
-2964a
Convert -3a20a (base 12) to base 13.
-2a415
157260 (base 8) to base 13
1cc43
What is -64212 (base 11) in base 5?
-10442200
What is -2021012101 (base 4) in base 13?
-1687a5
Convert -2a4511 (base 12) to base 14.
-147a0d
What is 10177632 (base 8) in base 16?
20ff9a
What is 27571723 (base 8) in base 13?
139b542
What is -112020102211110 (base 3) in base 8?
-34673061
What is 13542405 (base 6) in base 5?
104331144
What is 531473 (base 9) in base 4?
1031022033
What is -2ddbd (base 14) in base 9?
-185041
7138a4 (base 11) to base 10
1147073
-211695 (base 12) to base 3
-222110211012
What is -106525b (base 13) in base 7?
-60403113
315353034 (base 6) to base 15
754147
-12a2c5c (base 13) to base 3
-102000210110202
-155230505 (base 6) to base 16
-32d869
3466430 (base 9) to base 6
104102430
-a2e7fc (base 16) to base 14
-15bca72
-111101111000010100010 (base 2) to base 5
-1004341212
Convert -5a861 (base 14) to base 16.
-35ff5
Convert -112032332202 (base 4) to base 6.
-324531510
-c3014 (base 14) to base 15
-9407c
-20443401 (base 5) to base 16
-29ece
What is -1067a19 (base 12) in base 10?
-3123957
What is 27051363 (base 8) in base 5?
3022104142
What is -414111 (base 11) in base 10?
-664302
Convert -2709 (base 13) to base 8.
-12722
321340343 (base 5) to base 3
2112212200222
Convert -7885 (base 16) to base 7.
-155644
Convert -14333314 (base 6) to base 2.
-1111000101111001110
Convert 201303 (base 4) to base 5.
32123
Convert 6264e (base 16) to base 7.
3265664
What is 2543502 (base 6) in base 2?
100001101111011110
541066 (base 8) to base 13
6439c
3033112302 (base 4) to base 15
11b9c0
-2313113 (base 4) to base 14
-43c3
-542881 (base 11) to base 6
-30332214
2217202 (base 8) to base 9
1110717
b97887 (base 15) to base 12
2b6053a
163b93 (base 12) to base 14
9c75d
3453206 (base 8) to base 4
3211122012
What is -10c977a (base 15) in base 11?
-6877507
Convert 2222212110 (base 3) to base 16.
e649
What is -4530330 (base 6) in base 7?
-1644102
What is 288a87 (base 13) in base 10?
990451
-ba83 (base 14) to base 16
-7e03
What is -513520 (base 8) in base 5?
-20413213
Convert 64600 (base 12) to base 2.
100000010001100000
Convert 1303103003 (base 4) to base 13.
136c58
-23261a (base 11) to base 6
-11530202
-20101110000212 (base 3) to base 14
-644d83
1122130 (base 6) to base 8
160246
What is 11e010 (base 15) in base 7?
10200213
What is -111020222211 (base 3) in b